{"id":356,"date":"2019-04-20T16:57:23","date_gmt":"2019-04-20T13:57:23","guid":{"rendered":"http:\/\/karjalanhelmi.net\/karjalanhelmi\/?page_id=356"},"modified":"2023-03-14T11:37:24","modified_gmt":"2023-03-14T09:37:24","slug":"sights-and-attractions","status":"publish","type":"page","link":"https:\/\/karjalanhelmi.net\/karjalanhelmi\/en\/sights-and-attractions\/","title":{"rendered":"Sights and attractions"},"content":{"rendered":"<p><iframe loading=\"lazy\" src=\"https:\/\/www.google.com\/maps\/d\/embed?mid=1ySCnZV4BmLjprxX3ob-gM8zG6lhJducA\" width=\"100%\" height=\"480\"><\/iframe><\/p>\n\n\n<p>Kitee town and other regions offers a lots of things to do and see. It is easy to make day trips by car to see the sights or you can take part in the events. We located about an hour\u2019s drive from Joensuu, Punkaharju and Savonlinna. Also Koli national park, Valamo monastery in Hein\u00e4vesi or M\u00f6hk\u00f6 Ironworks in Ilomantsi are good day trip destinations.\u00a0<br \/>From map you find info to main sights and attractions by region. \u2013 there are also our tips for you.<br \/><a href=\"https:\/\/sydankarjala.fi\/en\/attractions\/\" target=\"_blank\" rel=\"noopener\">Syd\u00e4nkarjala<\/a><br \/><br \/><a href=\"http:\/\/www.visitkarelia.fi\/en\/Travelling\/North-Karelia\/Central-Karelia\/Kitee\/Attractions-in-Kitee\" target=\"_blank\" rel=\"noopener noreferrer\">Kitee<br \/><\/a>\u2013 Stone Church of Kitee<br \/>\u2013 Puhos and the Puhos larch forest<br \/>\u2013 Sovintola \u2014handicrafts and culture<a href=\"http:\/\/www.visitkarelia.fi\/en\/Travelling\/North-Karelia\/Central-Karelia\/Kitee\/Attractions-in-Kitee\" target=\"_blank\" rel=\"noopener noreferrer\"><br \/><\/a><a href=\"http:\/\/www.visitkarelia.fi\/en\/Travelling\/North-Karelia\/Central-Karelia\/Tohmajarvi\/Attractions-in-Tohmajarvi\" target=\"_blank\" rel=\"noopener noreferrer\">Tohmaj\u00e4rvi<\/a><br \/>\u2013 Puun Sielu Gallery<br \/>\u2013 Lutheran Church of Tohmaj\u00e4rvi<br \/>\u2013 Hydroelectric Plant Museum of Saario<br \/><a href=\"http:\/\/www.visitkarelia.fi\/en\/Travelling\/North-Karelia\/Central-Karelia\/Raakkyla\/Attractions-in-Raakkyla\" target=\"_blank\" rel=\"noopener noreferrer\">R\u00e4\u00e4kkyl\u00e4<\/a><br \/>\u2013 Paksuniemi<br \/>\u2013 Kotista Toy Museum<br \/><a href=\"https:\/\/www.visitkarelia.fi\/en\/Summer\" target=\"_blank\" rel=\"noopener noreferrer\">Joensuu<\/a><br \/>\u2013 Churches in Joensuu<br \/>\u2013 North Karelian Museum<br \/>\u2013 Botanical garden and tropical butterfly garden<br \/><a href=\"https:\/\/www.visitkarelia.fi\/en\/Destinations\/Ilomantsi\" target=\"_blank\" rel=\"noopener noreferrer\">Ilomantsi<\/a><br \/>\u2013\u00a0M\u00f6hk\u00f6 ironworks<br \/>\u2013 Hermanni Winery<br \/><a href=\"https:\/\/heinavesi.fi\/naejakoe\" target=\"_blank\" rel=\"noopener noreferrer\">Hein\u00e4vesi<\/a><br \/>\u2013 Valamo\u00a0monastery<br \/>\u2013 Lintula convent<br \/><a href=\"http:\/\/www.visitkarelia.fi\/en\/Travelling\/North-Karelia\/Joensuu-sub-region\/Outokumpu\" target=\"_blank\" rel=\"noopener noreferrer\">Outokumpu<\/a><br \/>\u2013 The old mine with its museum of mining<br \/><a href=\"http:\/\/www.visitpunkaharju.fi\/en\/\" target=\"_blank\" rel=\"noopener\">Punkaharju<\/a><br \/>\u2013 Lusto \u2013 The Finnish Forest Museum<br \/>\u2013 Hotel Punkaharju<br \/><a href=\"http:\/\/visitsavonlinna.fi\/en\/see\/\" target=\"_blank\" rel=\"noopener noreferrer\">Savonlinna<\/a><br \/>\u2013 Olavinlinna Castle<br \/>\u2013 The church of Kerim\u00e4ki<br \/><a href=\"http:\/\/www.visitkarelia.fi\/en\/Travelling\/North-Karelia\/Pielinen-Karelia\/Koli\" target=\"_blank\" rel=\"noopener noreferrer\">Koli<\/a><br \/>\u2013 The national Parks<br \/>\u2013 The cultural treasures of Visitor Centre Ukko<br \/><a href=\"https:\/\/bomba.fi\/fi\/\" target=\"_blank\" rel=\"noopener noreferrer\">Nurmes<\/a><br \/>\u2013 Bomba House and Karelian Village<br \/>\u2013 Steam engine depot tour<br \/>\u2013 Wood-Nurmes and the old market town<br \/><a href=\"http:\/\/www.visitkarelia.fi\/en\/Travelling\/North-Karelia\/Pielinen-Karelia\/Lieksa\" target=\"_blank\" rel=\"noopener noreferrer\">Lieksa<\/a><br \/>\u2013\u00a0\u00a0The countryside experience farmstead of PikkuKili<br \/>\u2013 Pielinen Museum<\/p>","protected":false},"excerpt":{"rendered":"<p>Kitee town and other regions offers a lots of things to do and see. It is easy to make day trips by car to see the sights or you can take part in the events. We located about an hour\u2019s drive from Joensuu, Punkaharju and Savonlinna. Also Koli national park, Valamo monastery in Hein\u00e4vesi or &hellip; <\/p>\n<p class=\"link-more\"><a href=\"https:\/\/karjalanhelmi.net\/karjalanhelmi\/en\/sights-and-attractions\/\" class=\"more-link\"><span class=\"screen-reader-text\"> prova \"Sights and attractions\"<\/span><\/a><\/p>\n","protected":false},"author":1,"featured_media":0,"parent":0,"menu_order":0,"comment_status":"closed","ping_status":"closed","template":"page-templates\/page-uppersidebar.php","meta":{"_monsterinsights_skip_tracking":false,"_monsterinsights_sitenote_active":false,"_monsterinsights_sitenote_note":"","_monsterinsights_sitenote_category":0,"footnotes":""},"class_list":["post-356","page","type-page","status-publish","hentry"],"_links":{"self":[{"href":"https:\/\/karjalanhelmi.net\/karjalanhelmi\/wp-json\/wp\/v2\/pages\/356","targetHints":{"allow":["GET"]}}],"collection":[{"href":"https:\/\/karjalanhelmi.net\/karjalanhelmi\/wp-json\/wp\/v2\/pages"}],"about":[{"href":"https:\/\/karjalanhelmi.net\/karjalanhelmi\/wp-json\/wp\/v2\/types\/page"}],"author":[{"embeddable":true,"href":"https:\/\/karjalanhelmi.net\/karjalanhelmi\/wp-json\/wp\/v2\/users\/1"}],"replies":[{"embeddable":true,"href":"https:\/\/karjalanhelmi.net\/karjalanhelmi\/wp-json\/wp\/v2\/comments?post=356"}],"version-history":[{"count":10,"href":"https:\/\/karjalanhelmi.net\/karjalanhelmi\/wp-json\/wp\/v2\/pages\/356\/revisions"}],"predecessor-version":[{"id":1276,"href":"https:\/\/karjalanhelmi.net\/karjalanhelmi\/wp-json\/wp\/v2\/pages\/356\/revisions\/1276"}],"wp:attachment":[{"href":"https:\/\/karjalanhelmi.net\/karjalanhelmi\/wp-json\/wp\/v2\/media?parent=356"}],"curies":[{"name":"wp","href":"https:\/\/api.w.org\/{rel}","templated":true}]}}