{"id":316,"date":"2019-04-20T17:17:37","date_gmt":"2019-04-20T14:17:37","guid":{"rendered":"http:\/\/karjalanhelmi.net\/karjalanhelmi\/?page_id=316"},"modified":"2025-07-07T13:26:55","modified_gmt":"2025-07-07T10:26:55","slug":"lahiruoka","status":"publish","type":"page","link":"https:\/\/karjalanhelmi.net\/karjalanhelmi\/lahiruoka\/","title":{"rendered":"Ruokailut"},"content":{"rendered":"<p><strong>Aamiainen mahdollista tilata varauksen yhteydess\u00e4, 14\u20ac\/henkil\u00f6. Tarjotaan klo 8.00-9.00 v\u00e4lill\u00e4. Saatavilla kes\u00e4kaudella 2025.\u00a0<\/strong><\/p>\n<p><strong> Karjalan Helmi tarjoaa yhteisty\u00f6kumppaneiden avulla ruokailupalveluita ryhmille.<br \/>\n<\/strong><strong>Ruokailut m\u00f6keille pitopalvelun kautta: Maija Timonen puh. 0503499018<\/p>\n<p><b>L\u00e4hiymp\u00e4rist\u00f6ss\u00e4 olevia ruokailumahdollisuuksia.<\/b> <\/strong><\/p>\n<p><b>Ruokaravintoloita<\/b><br \/>\n- Koivikon Kievari, lounas\u00a0 \u00a0 \u00a0 \u00a0 \u00a0 \u00a0 \u00a0(Koivikko 8 km)<br \/>\n- Unipulla,\u00a0 lounas, leipomo\u00a0 \u00a0 \u00a0 \u00a0 \u00a0(Koivikko 8 km)<br \/>\n- Kotipizza, Rolss, huoltamo\u00a0 \u00a0 \u00a0 \u00a0 \u00a0(Tolosenm\u00e4ki 9 km)<br \/>\n- Mylly Ravintola, kahvila\u00a0 \u00a0 \u00a0 \u00a0 \u00a0 \u00a0 \u00a0(Puhos 10 km)<br \/>\n- Kiteenhovi,\u00a0 lounas, A la carte\u00a0 \u00a0 (Kitee 15 km)<br \/>\n- Meijerin Baari, ravintola\u00a0 \u00a0 \u00a0 \u00a0 \u00a0 \u00a0 \u00a0 (Kitee 15 km)<br \/>\n- Pajarinhovi,\u00a0 lounas\u00a0 \u00a0 \u00a0 \u00a0 \u00a0 \u00a0 \u00a0 \u00a0 \u00a0 \u00a0(Puhos 15 km)<br \/>\n- Kiteen kebab pizzeria,\u00a0 lounas, kahvila (Kitee 15 km)<br \/>\n- Pivanka,\u00a0 lounas, kahvila (Kes\u00e4lahti 30 km)<\/p>\n<p><strong>Kahviloita<\/strong><br \/>\n- Kahvila Wilhelmiina\u00a0 \u00a0 \u00a0 \u00a0(Kitee 15 km)<br \/>\n- Kiteen kotileipomo\u00a0 \u00a0 \u00a0 \u00a0 (Kitee 15 km)<br \/>\n- Herkkuvasu\u00a0 \u00a0 \u00a0 \u00a0 \u00a0 \u00a0 \u00a0 \u00a0 \u00a0 \u00a0 (Kitee 15 km)<br \/>\n- Pit\u00e4j\u00e4ntuvan kes\u00e4kahvila (Tohmaj\u00e4rvi 39 km)<br \/>\n\u2013 Paksuniemi, kes\u00e4kahvila (R\u00e4\u00e4kkyl\u00e4 46 km)<\/p>\n","protected":false},"excerpt":{"rendered":"<p>Aamiainen mahdollista tilata varauksen yhteydess\u00e4, 14\u20ac\/henkil\u00f6. Tarjotaan klo 8.00-9.00 v\u00e4lill\u00e4. Saatavilla kes\u00e4kaudella 2025.\u00a0 Karjalan Helmi tarjoaa yhteisty\u00f6kumppaneiden avulla ruokailupalveluita ryhmille. Ruokailut m\u00f6keille pitopalvelun kautta: Maija Timonen puh. 0503499018 L\u00e4hiymp\u00e4rist\u00f6ss\u00e4 olevia ruokailumahdollisuuksia. Ruokaravintoloita - Koivikon Kievari, lounas\u00a0 \u00a0 \u00a0 \u00a0 \u00a0 \u00a0 \u00a0(Koivikko 8 km) - Unipulla,\u00a0 lounas, leipomo\u00a0 \u00a0 \u00a0 \u00a0 \u00a0(Koivikko 8 km) - &hellip; <\/p>\n<p class=\"link-more\"><a href=\"https:\/\/karjalanhelmi.net\/karjalanhelmi\/lahiruoka\/\" class=\"more-link\"><span class=\"screen-reader-text\"> prova \"Ruokailut\"<\/span><\/a><\/p>\n","protected":false},"author":1,"featured_media":0,"parent":0,"menu_order":0,"comment_status":"closed","ping_status":"closed","template":"page-templates\/page-uppersidebar.php","meta":{"_monsterinsights_skip_tracking":false,"_monsterinsights_sitenote_active":false,"_monsterinsights_sitenote_note":"","_monsterinsights_sitenote_category":0,"footnotes":""},"class_list":["post-316","page","type-page","status-publish","hentry"],"_links":{"self":[{"href":"https:\/\/karjalanhelmi.net\/karjalanhelmi\/wp-json\/wp\/v2\/pages\/316","targetHints":{"allow":["GET"]}}],"collection":[{"href":"https:\/\/karjalanhelmi.net\/karjalanhelmi\/wp-json\/wp\/v2\/pages"}],"about":[{"href":"https:\/\/karjalanhelmi.net\/karjalanhelmi\/wp-json\/wp\/v2\/types\/page"}],"author":[{"embeddable":true,"href":"https:\/\/karjalanhelmi.net\/karjalanhelmi\/wp-json\/wp\/v2\/users\/1"}],"replies":[{"embeddable":true,"href":"https:\/\/karjalanhelmi.net\/karjalanhelmi\/wp-json\/wp\/v2\/comments?post=316"}],"version-history":[{"count":12,"href":"https:\/\/karjalanhelmi.net\/karjalanhelmi\/wp-json\/wp\/v2\/pages\/316\/revisions"}],"predecessor-version":[{"id":1610,"href":"https:\/\/karjalanhelmi.net\/karjalanhelmi\/wp-json\/wp\/v2\/pages\/316\/revisions\/1610"}],"wp:attachment":[{"href":"https:\/\/karjalanhelmi.net\/karjalanhelmi\/wp-json\/wp\/v2\/media?parent=316"}],"curies":[{"name":"wp","href":"https:\/\/api.w.org\/{rel}","templated":true}]}}