{"id":1521,"date":"2019-04-17T20:43:59","date_gmt":"2019-04-17T17:43:59","guid":{"rendered":"https:\/\/karjalanhelmi.net\/karjalanhelmi\/?page_id=1521"},"modified":"2025-02-05T16:52:11","modified_gmt":"2025-02-05T14:52:11","slug":"vacanza-in-un-cottage-estivo-in-riva-al-lago","status":"publish","type":"page","link":"https:\/\/karjalanhelmi.net\/karjalanhelmi\/it\/vacanza-in-un-cottage-estivo-in-riva-al-lago\/","title":{"rendered":"Vacanza in un cottage estivo in riva al lago"},"content":{"rendered":"\n<p>Karjalan Helmi offre alloggio in confortevoli cottage e appartamenti in un ambiente tranquillo. Ci troviamo a Kitee, sulla sponda di Orivesi, nella parte settentrionale di Saimaa. La natura circostante offre buone opportunit\u00e0 per numerose attivit\u00e0 durante tutto l'anno. Ogni cabina ha il proprio cortile, spiaggia, sauna e barca a remi.<br>Il campo da tennis \u00e8 a disposizione dei clienti gratuitamente. La lunghezza del vicino sentiero natura facilmente raggiungibile \u00e8 di circa 4,5 km. Lungo c'\u00e8 un grande masso dell'era glaciale. Puoi noleggiare un SUP, un kayak o una canoa e fare una gita a Orivede. Nel nostro cortile c'\u00e8 anche un trampolino e un tavolo da ping pong. Orivedi ha buone possibilit\u00e0 di pesca.<\/p>\n\n\n\n<h2 class=\"wp-block-heading has-medium-font-size\">Pace, natura ed esperienze<\/h2>\n\n\n\n<p><br><a href=\"https:\/\/karjalanhelmi.net\/karjalanhelmi\/wp-content\/uploads\/2023\/03\/Karjalanhelmi_A4_NETTI.jpg\" target=\"_blank\" rel=\"noreferrer noopener\">Consulta la nostra mappa regionale<\/a><br><br>Benvenuto al nostro ospite<\/p>\n","protected":false},"excerpt":{"rendered":"<p>Karjalan Helmi offre alloggio in confortevoli cottage e appartamenti in un ambiente tranquillo. Ci troviamo a Kitee, sulla sponda di Orivesi, nella parte settentrionale di Saimaa. La natura circostante offre buone opportunit\u00e0 per numerose attivit\u00e0 durante tutto l'anno. Ogni cabina ha il proprio cortile, spiaggia, sauna e barca a remi.Il campo da tennis \u00e8 a &hellip; <\/p>\n<p class=\"link-more\"><a href=\"https:\/\/karjalanhelmi.net\/karjalanhelmi\/it\/vacanza-in-un-cottage-estivo-in-riva-al-lago\/\" class=\"more-link\"><span class=\"screen-reader-text\"> prova \"Vacanza in un cottage estivo in riva al lago\"<\/span><\/a><\/p>\n","protected":false},"author":1,"featured_media":1279,"parent":0,"menu_order":0,"comment_status":"closed","ping_status":"closed","template":"page-templates\/page-homepage.php","meta":{"_monsterinsights_skip_tracking":false,"_monsterinsights_sitenote_active":false,"_monsterinsights_sitenote_note":"","_monsterinsights_sitenote_category":0,"footnotes":""},"class_list":["post-1521","page","type-page","status-publish","has-post-thumbnail","hentry"],"_links":{"self":[{"href":"https:\/\/karjalanhelmi.net\/karjalanhelmi\/wp-json\/wp\/v2\/pages\/1521","targetHints":{"allow":["GET"]}}],"collection":[{"href":"https:\/\/karjalanhelmi.net\/karjalanhelmi\/wp-json\/wp\/v2\/pages"}],"about":[{"href":"https:\/\/karjalanhelmi.net\/karjalanhelmi\/wp-json\/wp\/v2\/types\/page"}],"author":[{"embeddable":true,"href":"https:\/\/karjalanhelmi.net\/karjalanhelmi\/wp-json\/wp\/v2\/users\/1"}],"replies":[{"embeddable":true,"href":"https:\/\/karjalanhelmi.net\/karjalanhelmi\/wp-json\/wp\/v2\/comments?post=1521"}],"version-history":[{"count":5,"href":"https:\/\/karjalanhelmi.net\/karjalanhelmi\/wp-json\/wp\/v2\/pages\/1521\/revisions"}],"predecessor-version":[{"id":1536,"href":"https:\/\/karjalanhelmi.net\/karjalanhelmi\/wp-json\/wp\/v2\/pages\/1521\/revisions\/1536"}],"wp:featuredmedia":[{"embeddable":true,"href":"https:\/\/karjalanhelmi.net\/karjalanhelmi\/wp-json\/wp\/v2\/media\/1279"}],"wp:attachment":[{"href":"https:\/\/karjalanhelmi.net\/karjalanhelmi\/wp-json\/wp\/v2\/media?parent=1521"}],"curies":[{"name":"wp","href":"https:\/\/api.w.org\/{rel}","templated":true}]}}